) = -12383*a - 3046236. Give p(-246).
-18
Let k(m) = 707770*m + 5662148. Determine k(-8).
-12
Let m(i) = -i**2 - 160*i - 2407. Give m(-17).
24
Let k(d) = 89980*d + 5038892. Give k(-56).
12
Let m(p) = -13*p**3 - 116*p**2 - 573*p + 5. Calculate m(-5).
1595
Let r(g) = 2483852*g - 12419249. Calculate r(5).
11
Let j(u) = u**2 - 57*u - 443. What is j(-9)?
151
Let z(i) = 48277*i + 1400130. What is z(-29)?
97
Let s(m) = -3*m**3 - 218*m**2 + 2044*m + 1551. What is s(-81)?
12
Let u(g) = -838*g - 38650. What is u(-46)?
-102
Let k(g) = 2*g**2 + 9645*g + 505574. Determine k(-53).
7
Let s(u) = -2*u**2 - 2324*u + 69075. Calculate s(29).
-3
Let y(i) = -9*i**3 + 387*i**2 - 36*i + 1544. Calculate y(43).
-4
Let x(w) = 423*w**3 - 8036*w**2 - 11*w - 93. Determine x(19).
59
Let r(g) = g**3 + 28*g**2 - 209*g - 4490. What is r(-30)?
-20
Let u(a) = 469*a - 3971. Determine u(8).
-219
Let g(z) = 71390*z + 214178. What is g(-3)?
8
Let h(x) = -733*x**2 - 4471*x - 7. What is h(-6)?
431
Let r(v) = 18*v**2 - 874*v + 2125. Determine r(46).
9
Let w(k) = 208*k + 17234. Give w(-84).
-238
Let v(f) = -195*f + 101. Calculate v(7).
-1264
Let h(k) = -k**2 - 318*k - 12415. Determine h(-273).
-130
Let z(t) = 337*t**2 + 16540*t + 1323. Calculate z(-49).
0
Let m(q) = -30*q**2 + 6544*q + 5701. Give m(219).
7
Let t(x) = 16*x**2 - 193105*x + 2. What is t(0)?
2
Let q(r) = -54*r - 1637. What is q(-29)?
-71
Let p(x) = -37474*x - 1686296. What is p(-45)?
34
Let x(u) = -2372*u - 920349. Calculate x(-388).
-13
Let i(z) = -2*z**3 + 29*z**2 + 1293*z + 1141. Calculate i(34).
19
Let r(c) = -26*c**3 + 1250*c**2 - 96*c + 15. Give r(48).
15
Let p(f) = -f**2 - 4736*f - 340401. What is p(-73)?
-2
Let g(u) = u**3 + 113*u**2 + 2001*u + 1. Calculate g(-91).
92
Let r(l) = l**3 - 58*l**2 - 183*l + 154. Calculate r(61).
154
Let k(c) = 139*c**3 - 133*c**2 + 214*c - 214. Give k(1).
6
Let x(b) = -27*b - 1894. What is x(-86)?
428
Let c(m) = 2*m**3 - 401*m**2 - 190*m - 2039. What is c(201)?
172
Let r(y) = -198*y + 5626. Determine r(27).
280
Let h(m) = -25979*m + 6910411. What is h(266)?
-3
Let j(v) = -v**3 + 56*v**2 + 14587*v + 756. Give j(152).
-4
Let b(k) = 3*k**3 - 320*k**2 - 8190*k - 246. Calculate b(128).
10
Let q(b) = b**3 - 217*b**2 - 2272*b + 491. Determine q(227).
37
Let n(x) = -x**2 + 2021*x - 188460. Give n(98).
-6
Let r(t) = -t**2 - 157*t - 4567. Calculate r(-79).
1595
Let t(i) = -20711*i - 2982388. What is t(-144)?
-4
Let u(c) = c**3 - 189*c**2 + 201*c - 2330. Calculate u(188).
114
Let i(o) = 248*o**2 + 405*o - 192. Calculate i(-2).
-10
Let r(v) = 5*v**2 + 75*v + 35. What is r(-2)?
-95
Let y(n) = -57320*n + 401234. Calculate y(7).
-6
Let c(p) = 4485*p - 901481. Determine c(201).
4
Let g(p) = -14*p**2 - 1028*p - 397. Determine g(-73).
41
Let c(f) = -4*f**2 + 390*f + 9. What is c(0)?
9
Let w(p) = p**3 + 464*p**2 + 12632*p + 7390. What is w(-435)?
-5
Let q(r) = -69*r - 2055. Determine q(-23).
-468
Let n(l) = 4746*l + 28455. Give n(-6).
-21
Let j(w) = -w**3 + 100*w**2 + 305*w + 233. Give j(103).
-179
Let w(j) = j**3 - 54*j**2 - 699*j - 1260. Determine w(65).
-220
Let g(o) = 27*o**2 + 8864*o - 72645. Determine g(8).
-5
Let y(o) = -18*o**2 - 824*o + 30532. Give y(-70).
12
Let p(f) = 89*f**2 - 22809*f + 6438. Give p(256).
38
Let q(v) = -7389*v - 7640183. Determine q(-1034).
43
Let j(m) = -4*m**3 - 37*m**2 + 219*m + 312. What is j(-13)?
0
Let n(p) = 1171*p + 1749. Calculate n(-2).
-593
Let x(v) = 279*v**2 + 10001*v - 10001. Give x(1).
279
Let u(c) = -22*c**2 + 2094*c - 45762. What is u(34)?
2
Let s(b) = -3154*b + 37848. Determine s(12).
0
Let m(k) = -218*k - 7850. Calculate m(-35).
-220
Let q(o) = -26*o**2 + 1486*o - 215. Determine q(57).
13
Let n(a) = -6786*a + 3257276. Calculate n(480).
-4
Let q(o) = -168792*o - 2025504. Determine q(-12).
0
Let w(m) = m**2 - 2932*m + 17586. Determine w(6).
30
Let s(t) = t**2 + 316*t + 25384. Give s(-147).
541
Let m(n) = -15*n**3 - 187*n**2 - 246*n - 23. Give m(-11).
21
Let c(m) = m**2 + 11*m - 493. Determine c(41).
1639
Let y(j) = 2069*j - 32846. Calculate y(16).
258
Let p(j) = -5*j**2 - 37*j + 61. Calculate p(-7).
75
Let k(u) = 101440*u - 13. Give k(0).
-13
Let l(o) = 106*o**2 - 88*o + 19. What is l(3)?
709
Let k(i) = -i**3 + 50*i**2 + 1968*i + 623. What is k(76)?
15
Let w(g) = -11*g**2 + 4957*g - 29731. Give w(6).
-385
Let l(t) = t**3 + 30*t**2 - 121*t - 1933. What is l(-32)?
-109
Let s(d) = -2*d**2 + 116*d + 9344. Give s(105).
-526
Let b(o) = -73*o**3 + 878*o**2 - 177*o + 1863. Determine b(12).
27
Let y(b) = -b**2 - 1591*b - 300492. Determine y(-219).
-24
Let b(j) = -2*j**3 - 62*j**2 - 116*j + 147. Determine b(-29).
147
Let g(z) = 991*z**2 - 12917*z + 430. Give g(13).
-12
Let b(q) = 9*q**3 - 161*q**2 + 683*q + 226. Determine b(10).
-44
Let w(q) = -8618*q + 60321. Calculate w(7).
-5
Let k(r) = 562*r - 5044. Give k(9).
14
Let f(j) = -632*j - 66220. Calculate f(-105).
140
Let a(h) = h**3 + h**2 - 423*h + 811. What is a(19)?
-6
Let v(d) = -5744*d + 201075. Determine v(35).
35
Let q(a) = 21*a**2 + 22992*a - 3279. Determine q(-1095).
6
Let m(v) = v**3 - 14*v**2 - 555*v + 3465. Give m(29).
-15
Let f(x) = -3671*x + 20125. Calculate f(6).
-1901
Let w(c) = -50*c**2 - 417*c + 99611. What is w(-49)?
-6
Let v(o) = -14*o**2 + 6394*o + 101008. Determine v(472).
0
Let l(s) = s**3 - 252*s**2 + 15194*s - 65. Calculate l(100).
-665
Let o(f) = 2*f**3 - 45*f**2 + 70*f + 65. Give o(21).
212
Let c(x) = -48*x + 2855. Give c(58).
71
Let h(k) = 2*k**2 + 1373*k - 189831. What is h(118)?
31
Let i(f) = -176*f**3 + 705*f**2 - 13. Give i(4).
3
Let y(u) = 58*u**2 + 202*u - 23. Give y(-3).
-107
Let s(q) = -3*q**3 + 64*q**2 - 308*q + 24. Calculate s(14).
24
Let i(z) = -z**3 - 55*z**2 - 733*z + 59. Determine i(-26).
-487
Let t(l) = -l**3 + 30*l**2 + 2263*l - 64952. Calculate t(28).
-20
Let i(o) = 267057*o - 5341217. Give i(20).
-77
Let x(f) = -297*f - 491. Determine x(-7).
1588
Let f(q) = -q**2 + 233*q + 89095. Give f(437).
-53
Let r(i) = -4*i**3 + 250*i**2 - 127*i + 178. Calculate r(62).
-8
Let v(c) = c**2 + 1107*c + 12163. What is v(-11)?
107
Let q(m) = m**3 + 110*m**2 + 629*m + 504. Determine q(-104).
-16
Let f(s) = 8*s**2 - 191542*s - 383116. What is f(-2)?
0
Let w(j) = -9187*j + 110474. Determine w(12).
230
Let y(r) = 3*r**2 + 129*r - 13110. Calculate y(-91).
-6
Let z(s) = -s**3 + 11*s**2 + 2884*s - 23267. Determine z(8).
-3
Let v(u) = -18686*u - 168182. Calculate v(-9).
-8
Let g(o) = -o**2 + 15454*o - 2356213. Give g(154).
-13
Let t(z) = -1503*z - 18374. Determine t(-13).
1165
Let n(b) = 7*b**3 - 1148*b**2 + 4480*b - 76. Give n(160).
-76
Let n(r) = r**3 - 8*r**2 - 2597*r - 15149. Give n(-6).
-71
Let r(z) = 1804*z**2 + 3635055*z - 10077. Calculate r(-2015).
-2
Let r(w) = -51*w**2 + 75*w - 516. Give r(5).
-1416
Let t(b) = -2*b**2 - 1780*b - 21031. What is t(-12)?
41
Let o(v) = 309*v**2 - 1000*v - 5111. Determine o(6).
13
Let b(n) = -131*n - 4317. Calculate b(-49).
2102
Let t(i) = -i**3 - 174*i**2 - 968*i - 168437. What is t(-174)?
-5
Let y(m) = -324480*m + 2595839. Calculate y(8).
-1
Let t(j) = 15*j**3 - 85*j**2 - 86*j - 3. Give t(-1).
-17
Let z(f) = 43*f**2 + 2656*f - 85. Calculate z(-62).
535
Let i(a) = -17*a**2 + 3919*a - 10126. What is i(228)?
-322
Let r(c) = -398*c - 3781. Determine r(-10).
199
Let n(s) = -493*s - 35515. Calculate n(-71).
-512
Let j(z) = -3*z**2 - 141*z - 1070. What is j(-11)?
118
Let i(f) = f**2 - 101*f - 2866. What is i(125)?
134
Let h(f) = -3*f**3 - 100*f**2 - 44*f - 333. Give h(-33).
30
Let a(z) = z**2 + 397285*z + 794570. Calculate a(-2).
4
Let d(i) = 14*i**2 - 7178*i - 7171. Give d(-1).
21
Let v(n) = 2969*n - 460192. Calculate v(155).
3
Let m(p) = -796*p - 41402. Calculate m(-52).
-10
Let m(o) = -4*o**2 - 19*o - 47. Give m(-10).
-257
Let u(t) = 12*t**3 - 213*t**2 - 484*t - 208. Calculate u(20).
912
Let c(j) = -536*j - 13749. Determine c(-25).
-349
Let h(v) = 7*v**2 + 7273*v + 21840. Give h(-3).
84
Let b(m) = 16332*m + 49026. Determine b(-3).
30
Let x(k) = -479*k - 6249. Calculate x(-13).
-22
Let g(f) = 3*f**2 - 1049*f + 51903. Calculate g(290).
-7
Let a(z) = 2*z**3 - 340*z**2 + z + 108. Give a(170).
278
Let z(h) = -h**3 + 58*h**2 + 754*h - 15. Give z(-11).
40
Let v(p) = -430*p - 6644. Determine v(-17).
666
Let z(h) = -40*h**2 - 3*h - 11. What is z(5)?
-1026
Let h(y) = 21